{"id":181,"date":"2024-09-04T21:03:59","date_gmt":"2024-09-04T19:03:59","guid":{"rendered":"https:\/\/instytutpsyche.pl\/?page_id=181"},"modified":"2025-02-18T12:21:42","modified_gmt":"2025-02-18T11:21:42","slug":"o-mnie","status":"publish","type":"page","link":"https:\/\/instytutpsyche.pl\/terapia-i-leczenie-uzaleznien-tczew\/o-mnie\/","title":{"rendered":"O mnie"},"content":{"rendered":"\n<p><img loading=\"lazy\" decoding=\"async\" width=\"1000\" height=\"1003\" class=\"wp-image-188\" style=\"width: 1000px;\" src=\"http:\/\/instytutpsyche.pl\/wp-content\/uploads\/2024\/09\/FB_IMG_1725477048403.jpg\" alt=\"\" srcset=\"https:\/\/instytutpsyche.pl\/wp-content\/uploads\/2024\/09\/FB_IMG_1725477048403.jpg 957w, https:\/\/instytutpsyche.pl\/wp-content\/uploads\/2024\/09\/FB_IMG_1725477048403-300x300.jpg 300w, https:\/\/instytutpsyche.pl\/wp-content\/uploads\/2024\/09\/FB_IMG_1725477048403-150x150.jpg 150w, https:\/\/instytutpsyche.pl\/wp-content\/uploads\/2024\/09\/FB_IMG_1725477048403-768x770.jpg 768w\" sizes=\"auto, (max-width: 1000px) 100vw, 1000px\" \/><\/p>\n\n\n\n<p>Nazywam si\u0119 Mariusz Haska. Uzale\u017cnienie, mo\u017cna powiedzie\u0107, \u017ce znam od podszewki &#8211; sam jestem osob\u0105 uzale\u017cnion\u0105, od 12 lat w trze\u017awo\u015bci. Uko\u0144czy\u0142em ca\u0142y cykl terapii uzale\u017cnie\u0144 i trzyletni\u0105 terapi\u0119 indywidualn\u0105. Obecnie jestem certyfikowanym terapeut\u0105 uzale\u017cnie\u0144. Swoj\u0105 prac\u0119 nieustannie superwizuj\u0119 indywidualnie i w superwizji grupowej.<\/p>\n\n\n\n<p>Szko\u0142\u0119 terapeut\u00f3w uzale\u017cnie\u0144 uko\u0144czy\u0142em w Instytucie Psychologii Zdrowia w Warszawie.<\/p>\n\n\n\n<p>W szkole specjalist\u00f3w psychoterapii i instruktor\u00f3w terapii Centrum Aktywnego Rozwoju i Edukacji Brok uko\u0144czy\u0142em specjalistyczne szkolenia oparte na najnowszych \u015bwiatowych modelach leczenia uzale\u017cnie\u0144: Programu Ograniczania Picia (rekomendowany przez PARPA od 2016 roku) oraz Programu <a href=\"https:\/\/instytutpsyche.pl\/terapia-i-leczenie-uzaleznien-tczew\/\">Redukcji Szk\u00f3d<\/a> (r\u00f3wnie\u017c rekomendowany przez PARPA od 2017 roku). <\/p>\n\n\n\n<p>Pracuj\u0119 w:<\/p>\n\n\n\n<ul class=\"wp-block-list\">\n<li>M\u0142odzie\u017cowym O\u015brodku Terapeutycznym &#8222;MROWISKO&#8221; w Sopocie, przeznaczonym dla uzale\u017cnionej m\u0142odzie\u017cy w wieku od 14 do 18 lat.<\/li>\n\n\n\n<li>Prowadz\u0119 prywatn\u0105 praktyk\u0119 w gabinecie terapeutycznym  w Tczewie. <\/li>\n<\/ul>\n\n\n\n<p>Do ko\u0144ca 2024 roku pracowa\u0142em w:<\/p>\n\n\n\n<ul class=\"wp-block-list\">\n<li>Wojew\u00f3dzkim Szpitalu Psychiatrycznym w Gda\u0144sku na Oddzale Terapii Leczenia Uzale\u017cnie\u0144.<\/li>\n\n\n\n<li>Poradnii Terapii Uzale\u017cnienia od Alkoholu i Wsp\u00f3\u0142uzale\u017cnienia oraz Poradni Leczenia Uzale\u017cnie\u0144 w Tczewie. W tczewskiej Poradni by\u0142em tw\u00f3rc\u0105 i realizatorem programu Redukcji Szk\u00f3d skierowanego g\u0142\u00f3wnie do os\u00f3b uzale\u017cnionych od alkoholu. W palc\u00f3wce zainicjowa\u0142em model pracy wed\u0142ug Programu Ograniczeniu Picia.<\/li>\n\n\n\n<li> Centrum Leczenia Uzale\u017cnie\u0144 \u201eZaro\u015blak\u201d w Kurczu pod Czerskiem.<\/li>\n<\/ul>\n\n\n\n<p>Jestem wsp\u00f3\u0142za\u0142o\u017cycielem stowarzyszenia Libera, zajmuj\u0105cego si\u0119 przede wszystkim pomoc\u0105 osobom w kryzysie.<\/p>\n\n\n\n<p>Ponadto wsp\u00f3\u0142pracuj\u0119 z organizacjami pozarz\u0105dowymi, mi. z miejscowym ko\u0142em Towarzystwa Pomocy im. \u015bw. Brata Alberta. <\/p>\n\n\n\n<p>Prowadz\u0119 szkolenia z zakresu edukacji nt. Redukcji Szk\u00f3d i zmiany paradygmatu w leczeniu uzale\u017cnie\u0144 dla podmiot\u00f3w z obszaru NGO, cz\u0142onk\u00f3w Gminnych Komisji Rozwi\u0105zywania Problem\u00f3w Alkoholowych, pracownik\u00f3w socjalnych, asystent\u00f3w rodziny i kurator\u00f3w s\u0105dowych.<\/p>\n\n\n\n<p>Prywatnie jestem m\u0119\u017cem i ojcem czw\u00f3rki dzieci. Pasjonuj\u0119 si\u0119 turystyk\u0105 krajoznawcz\u0105, regionalizmem, jestem mi\u0142o\u015bnikiem \u017bu\u0142aw.<\/p>\n","protected":false},"excerpt":{"rendered":"<p>Nazywam si\u0119 Mariusz Haska. Uzale\u017cnienie, mo\u017cna powiedzie\u0107, \u017ce znam od podszewki &#8211; sam jestem osob\u0105 uzale\u017cnion\u0105, od 12 lat w trze\u017awo\u015bci. Uko\u0144czy\u0142em ca\u0142y cykl terapii uzale\u017cnie\u0144 i trzyletni\u0105 terapi\u0119 indywidualn\u0105. Obecnie jestem certyfikowanym terapeut\u0105 uzale\u017cnie\u0144. Swoj\u0105 prac\u0119 nieustannie superwizuj\u0119 indywidualnie i w superwizji grupowej. Szko\u0142\u0119 terapeut\u00f3w uzale\u017cnie\u0144 uko\u0144czy\u0142em w Instytucie Psychologii Zdrowia w Warszawie. W&hellip;&nbsp;<a href=\"https:\/\/instytutpsyche.pl\/terapia-i-leczenie-uzaleznien-tczew\/o-mnie\/\" rel=\"bookmark\">Dowiedz si\u0119 wi\u0119cej &raquo;<span class=\"screen-reader-text\">O mnie<\/span><\/a><\/p>\n","protected":false},"author":1,"featured_media":0,"parent":0,"menu_order":0,"comment_status":"closed","ping_status":"closed","template":"","meta":{"neve_meta_sidebar":"","neve_meta_container":"","neve_meta_enable_content_width":"","neve_meta_content_width":0,"neve_meta_title_alignment":"","neve_meta_author_avatar":"","neve_post_elements_order":"","neve_meta_disable_header":"","neve_meta_disable_footer":"","neve_meta_disable_title":"","footnotes":"[]"},"class_list":["post-181","page","type-page","status-publish","hentry"],"yoast_head":"<!-- This site is optimized with the Yoast SEO plugin v27.4 - https:\/\/yoast.com\/product\/yoast-seo-wordpress\/ -->\n<title>O mnie - instytutpsyche.pl<\/title>\n<meta name=\"robots\" content=\"index, follow, max-snippet:-1, max-image-preview:large, max-video-preview:-1\" \/>\n<link rel=\"canonical\" href=\"https:\/\/instytutpsyche.pl\/terapia-i-leczenie-uzaleznien-tczew\/o-mnie\/\" \/>\n<meta property=\"og:locale\" content=\"pl_PL\" \/>\n<meta property=\"og:type\" content=\"article\" \/>\n<meta property=\"og:title\" content=\"O mnie - instytutpsyche.pl\" \/>\n<meta property=\"og:description\" content=\"Nazywam si\u0119 Mariusz Haska. Uzale\u017cnienie, mo\u017cna powiedzie\u0107, \u017ce znam od podszewki &#8211; sam jestem osob\u0105 uzale\u017cnion\u0105, od 12 lat w trze\u017awo\u015bci. Uko\u0144czy\u0142em ca\u0142y cykl terapii uzale\u017cnie\u0144 i trzyletni\u0105 terapi\u0119 indywidualn\u0105. Obecnie jestem certyfikowanym terapeut\u0105 uzale\u017cnie\u0144. Swoj\u0105 prac\u0119 nieustannie superwizuj\u0119 indywidualnie i w superwizji grupowej. Szko\u0142\u0119 terapeut\u00f3w uzale\u017cnie\u0144 uko\u0144czy\u0142em w Instytucie Psychologii Zdrowia w Warszawie. W&hellip;&nbsp;Dowiedz si\u0119 wi\u0119cej &raquo;O mnie\" \/>\n<meta property=\"og:url\" content=\"https:\/\/instytutpsyche.pl\/terapia-i-leczenie-uzaleznien-tczew\/o-mnie\/\" \/>\n<meta property=\"og:site_name\" content=\"instytutpsyche.pl\" \/>\n<meta property=\"article:publisher\" content=\"https:\/\/www.facebook.com\/p\/Instytut-Psyche-terapia-profilaktyka-edukacja-100068676289225\/?locale=ga_IE\" \/>\n<meta property=\"article:modified_time\" content=\"2025-02-18T11:21:42+00:00\" \/>\n<meta property=\"og:image\" content=\"http:\/\/instytutpsyche.pl\/wp-content\/uploads\/2024\/09\/FB_IMG_1725477048403.jpg\" \/>\n<meta name=\"twitter:card\" content=\"summary_large_image\" \/>\n<meta name=\"twitter:label1\" content=\"Szacowany czas czytania\" \/>\n\t<meta name=\"twitter:data1\" content=\"2 minuty\" \/>\n<script type=\"application\/ld+json\" class=\"yoast-schema-graph\">{\"@context\":\"https:\\\/\\\/schema.org\",\"@graph\":[{\"@type\":\"WebPage\",\"@id\":\"https:\\\/\\\/instytutpsyche.pl\\\/terapia-i-leczenie-uzaleznien-tczew\\\/o-mnie\\\/\",\"url\":\"https:\\\/\\\/instytutpsyche.pl\\\/terapia-i-leczenie-uzaleznien-tczew\\\/o-mnie\\\/\",\"name\":\"O mnie - instytutpsyche.pl\",\"isPartOf\":{\"@id\":\"https:\\\/\\\/instytutpsyche.pl\\\/terapia-i-leczenie-uzaleznien-tczew\\\/#website\"},\"primaryImageOfPage\":{\"@id\":\"https:\\\/\\\/instytutpsyche.pl\\\/terapia-i-leczenie-uzaleznien-tczew\\\/o-mnie\\\/#primaryimage\"},\"image\":{\"@id\":\"https:\\\/\\\/instytutpsyche.pl\\\/terapia-i-leczenie-uzaleznien-tczew\\\/o-mnie\\\/#primaryimage\"},\"thumbnailUrl\":\"http:\\\/\\\/instytutpsyche.pl\\\/wp-content\\\/uploads\\\/2024\\\/09\\\/FB_IMG_1725477048403.jpg\",\"datePublished\":\"2024-09-04T19:03:59+00:00\",\"dateModified\":\"2025-02-18T11:21:42+00:00\",\"breadcrumb\":{\"@id\":\"https:\\\/\\\/instytutpsyche.pl\\\/terapia-i-leczenie-uzaleznien-tczew\\\/o-mnie\\\/#breadcrumb\"},\"inLanguage\":\"pl-PL\",\"potentialAction\":[{\"@type\":\"ReadAction\",\"target\":[\"https:\\\/\\\/instytutpsyche.pl\\\/terapia-i-leczenie-uzaleznien-tczew\\\/o-mnie\\\/\"]}]},{\"@type\":\"ImageObject\",\"inLanguage\":\"pl-PL\",\"@id\":\"https:\\\/\\\/instytutpsyche.pl\\\/terapia-i-leczenie-uzaleznien-tczew\\\/o-mnie\\\/#primaryimage\",\"url\":\"http:\\\/\\\/instytutpsyche.pl\\\/wp-content\\\/uploads\\\/2024\\\/09\\\/FB_IMG_1725477048403.jpg\",\"contentUrl\":\"http:\\\/\\\/instytutpsyche.pl\\\/wp-content\\\/uploads\\\/2024\\\/09\\\/FB_IMG_1725477048403.jpg\"},{\"@type\":\"BreadcrumbList\",\"@id\":\"https:\\\/\\\/instytutpsyche.pl\\\/terapia-i-leczenie-uzaleznien-tczew\\\/o-mnie\\\/#breadcrumb\",\"itemListElement\":[{\"@type\":\"ListItem\",\"position\":1,\"name\":\"Strona g\u0142\u00f3wna\",\"item\":\"https:\\\/\\\/instytutpsyche.pl\\\/terapia-i-leczenie-uzaleznien-tczew\\\/\"},{\"@type\":\"ListItem\",\"position\":2,\"name\":\"O mnie\"}]},{\"@type\":\"WebSite\",\"@id\":\"https:\\\/\\\/instytutpsyche.pl\\\/terapia-i-leczenie-uzaleznien-tczew\\\/#website\",\"url\":\"https:\\\/\\\/instytutpsyche.pl\\\/terapia-i-leczenie-uzaleznien-tczew\\\/\",\"name\":\"instytutpsyche.pl\",\"description\":\"Gabinet leczenia uzale\u017cnie\u0144. Specjalizacja - terapia uzale\u017cnie\u0144 od alkoholu, narkotyk\u00f3w, lek\u00f3w i zachowa\u0144 behawioralnych: seksu, hazardu, zakup\u00f3w, Internetu.\",\"publisher\":{\"@id\":\"https:\\\/\\\/instytutpsyche.pl\\\/terapia-i-leczenie-uzaleznien-tczew\\\/#organization\"},\"potentialAction\":[{\"@type\":\"SearchAction\",\"target\":{\"@type\":\"EntryPoint\",\"urlTemplate\":\"https:\\\/\\\/instytutpsyche.pl\\\/terapia-i-leczenie-uzaleznien-tczew\\\/?s={search_term_string}\"},\"query-input\":{\"@type\":\"PropertyValueSpecification\",\"valueRequired\":true,\"valueName\":\"search_term_string\"}}],\"inLanguage\":\"pl-PL\"},{\"@type\":\"Organization\",\"@id\":\"https:\\\/\\\/instytutpsyche.pl\\\/terapia-i-leczenie-uzaleznien-tczew\\\/#organization\",\"name\":\"instytutpsyche.pl\",\"alternateName\":\"Instytut Psyche - terapia i leczenie uzale\u017cnie\u0144 w Tczewie\",\"url\":\"https:\\\/\\\/instytutpsyche.pl\\\/terapia-i-leczenie-uzaleznien-tczew\\\/\",\"logo\":{\"@type\":\"ImageObject\",\"inLanguage\":\"pl-PL\",\"@id\":\"https:\\\/\\\/instytutpsyche.pl\\\/terapia-i-leczenie-uzaleznien-tczew\\\/#\\\/schema\\\/logo\\\/image\\\/\",\"url\":\"https:\\\/\\\/instytutpsyche.pl\\\/wp-content\\\/uploads\\\/2022\\\/04\\\/logo-na-str-glowna.jpg\",\"contentUrl\":\"https:\\\/\\\/instytutpsyche.pl\\\/wp-content\\\/uploads\\\/2022\\\/04\\\/logo-na-str-glowna.jpg\",\"width\":1050,\"height\":600,\"caption\":\"instytutpsyche.pl\"},\"image\":{\"@id\":\"https:\\\/\\\/instytutpsyche.pl\\\/terapia-i-leczenie-uzaleznien-tczew\\\/#\\\/schema\\\/logo\\\/image\\\/\"},\"sameAs\":[\"https:\\\/\\\/www.facebook.com\\\/p\\\/Instytut-Psyche-terapia-profilaktyka-edukacja-100068676289225\\\/?locale=ga_IE\"]}]}<\/script>\n<!-- \/ Yoast SEO plugin. -->","yoast_head_json":{"title":"O mnie - instytutpsyche.pl","robots":{"index":"index","follow":"follow","max-snippet":"max-snippet:-1","max-image-preview":"max-image-preview:large","max-video-preview":"max-video-preview:-1"},"canonical":"https:\/\/instytutpsyche.pl\/terapia-i-leczenie-uzaleznien-tczew\/o-mnie\/","og_locale":"pl_PL","og_type":"article","og_title":"O mnie - instytutpsyche.pl","og_description":"Nazywam si\u0119 Mariusz Haska. Uzale\u017cnienie, mo\u017cna powiedzie\u0107, \u017ce znam od podszewki &#8211; sam jestem osob\u0105 uzale\u017cnion\u0105, od 12 lat w trze\u017awo\u015bci. Uko\u0144czy\u0142em ca\u0142y cykl terapii uzale\u017cnie\u0144 i trzyletni\u0105 terapi\u0119 indywidualn\u0105. Obecnie jestem certyfikowanym terapeut\u0105 uzale\u017cnie\u0144. Swoj\u0105 prac\u0119 nieustannie superwizuj\u0119 indywidualnie i w superwizji grupowej. Szko\u0142\u0119 terapeut\u00f3w uzale\u017cnie\u0144 uko\u0144czy\u0142em w Instytucie Psychologii Zdrowia w Warszawie. W&hellip;&nbsp;Dowiedz si\u0119 wi\u0119cej &raquo;O mnie","og_url":"https:\/\/instytutpsyche.pl\/terapia-i-leczenie-uzaleznien-tczew\/o-mnie\/","og_site_name":"instytutpsyche.pl","article_publisher":"https:\/\/www.facebook.com\/p\/Instytut-Psyche-terapia-profilaktyka-edukacja-100068676289225\/?locale=ga_IE","article_modified_time":"2025-02-18T11:21:42+00:00","og_image":[{"url":"http:\/\/instytutpsyche.pl\/wp-content\/uploads\/2024\/09\/FB_IMG_1725477048403.jpg","type":"","width":"","height":""}],"twitter_card":"summary_large_image","twitter_misc":{"Szacowany czas czytania":"2 minuty"},"schema":{"@context":"https:\/\/schema.org","@graph":[{"@type":"WebPage","@id":"https:\/\/instytutpsyche.pl\/terapia-i-leczenie-uzaleznien-tczew\/o-mnie\/","url":"https:\/\/instytutpsyche.pl\/terapia-i-leczenie-uzaleznien-tczew\/o-mnie\/","name":"O mnie - instytutpsyche.pl","isPartOf":{"@id":"https:\/\/instytutpsyche.pl\/terapia-i-leczenie-uzaleznien-tczew\/#website"},"primaryImageOfPage":{"@id":"https:\/\/instytutpsyche.pl\/terapia-i-leczenie-uzaleznien-tczew\/o-mnie\/#primaryimage"},"image":{"@id":"https:\/\/instytutpsyche.pl\/terapia-i-leczenie-uzaleznien-tczew\/o-mnie\/#primaryimage"},"thumbnailUrl":"http:\/\/instytutpsyche.pl\/wp-content\/uploads\/2024\/09\/FB_IMG_1725477048403.jpg","datePublished":"2024-09-04T19:03:59+00:00","dateModified":"2025-02-18T11:21:42+00:00","breadcrumb":{"@id":"https:\/\/instytutpsyche.pl\/terapia-i-leczenie-uzaleznien-tczew\/o-mnie\/#breadcrumb"},"inLanguage":"pl-PL","potentialAction":[{"@type":"ReadAction","target":["https:\/\/instytutpsyche.pl\/terapia-i-leczenie-uzaleznien-tczew\/o-mnie\/"]}]},{"@type":"ImageObject","inLanguage":"pl-PL","@id":"https:\/\/instytutpsyche.pl\/terapia-i-leczenie-uzaleznien-tczew\/o-mnie\/#primaryimage","url":"http:\/\/instytutpsyche.pl\/wp-content\/uploads\/2024\/09\/FB_IMG_1725477048403.jpg","contentUrl":"http:\/\/instytutpsyche.pl\/wp-content\/uploads\/2024\/09\/FB_IMG_1725477048403.jpg"},{"@type":"BreadcrumbList","@id":"https:\/\/instytutpsyche.pl\/terapia-i-leczenie-uzaleznien-tczew\/o-mnie\/#breadcrumb","itemListElement":[{"@type":"ListItem","position":1,"name":"Strona g\u0142\u00f3wna","item":"https:\/\/instytutpsyche.pl\/terapia-i-leczenie-uzaleznien-tczew\/"},{"@type":"ListItem","position":2,"name":"O mnie"}]},{"@type":"WebSite","@id":"https:\/\/instytutpsyche.pl\/terapia-i-leczenie-uzaleznien-tczew\/#website","url":"https:\/\/instytutpsyche.pl\/terapia-i-leczenie-uzaleznien-tczew\/","name":"instytutpsyche.pl","description":"Gabinet leczenia uzale\u017cnie\u0144. Specjalizacja - terapia uzale\u017cnie\u0144 od alkoholu, narkotyk\u00f3w, lek\u00f3w i zachowa\u0144 behawioralnych: seksu, hazardu, zakup\u00f3w, Internetu.","publisher":{"@id":"https:\/\/instytutpsyche.pl\/terapia-i-leczenie-uzaleznien-tczew\/#organization"},"potentialAction":[{"@type":"SearchAction","target":{"@type":"EntryPoint","urlTemplate":"https:\/\/instytutpsyche.pl\/terapia-i-leczenie-uzaleznien-tczew\/?s={search_term_string}"},"query-input":{"@type":"PropertyValueSpecification","valueRequired":true,"valueName":"search_term_string"}}],"inLanguage":"pl-PL"},{"@type":"Organization","@id":"https:\/\/instytutpsyche.pl\/terapia-i-leczenie-uzaleznien-tczew\/#organization","name":"instytutpsyche.pl","alternateName":"Instytut Psyche - terapia i leczenie uzale\u017cnie\u0144 w Tczewie","url":"https:\/\/instytutpsyche.pl\/terapia-i-leczenie-uzaleznien-tczew\/","logo":{"@type":"ImageObject","inLanguage":"pl-PL","@id":"https:\/\/instytutpsyche.pl\/terapia-i-leczenie-uzaleznien-tczew\/#\/schema\/logo\/image\/","url":"https:\/\/instytutpsyche.pl\/wp-content\/uploads\/2022\/04\/logo-na-str-glowna.jpg","contentUrl":"https:\/\/instytutpsyche.pl\/wp-content\/uploads\/2022\/04\/logo-na-str-glowna.jpg","width":1050,"height":600,"caption":"instytutpsyche.pl"},"image":{"@id":"https:\/\/instytutpsyche.pl\/terapia-i-leczenie-uzaleznien-tczew\/#\/schema\/logo\/image\/"},"sameAs":["https:\/\/www.facebook.com\/p\/Instytut-Psyche-terapia-profilaktyka-edukacja-100068676289225\/?locale=ga_IE"]}]}},"_links":{"self":[{"href":"https:\/\/instytutpsyche.pl\/terapia-i-leczenie-uzaleznien-tczew\/wp-json\/wp\/v2\/pages\/181","targetHints":{"allow":["GET"]}}],"collection":[{"href":"https:\/\/instytutpsyche.pl\/terapia-i-leczenie-uzaleznien-tczew\/wp-json\/wp\/v2\/pages"}],"about":[{"href":"https:\/\/instytutpsyche.pl\/terapia-i-leczenie-uzaleznien-tczew\/wp-json\/wp\/v2\/types\/page"}],"author":[{"embeddable":true,"href":"https:\/\/instytutpsyche.pl\/terapia-i-leczenie-uzaleznien-tczew\/wp-json\/wp\/v2\/users\/1"}],"replies":[{"embeddable":true,"href":"https:\/\/instytutpsyche.pl\/terapia-i-leczenie-uzaleznien-tczew\/wp-json\/wp\/v2\/comments?post=181"}],"version-history":[{"count":9,"href":"https:\/\/instytutpsyche.pl\/terapia-i-leczenie-uzaleznien-tczew\/wp-json\/wp\/v2\/pages\/181\/revisions"}],"predecessor-version":[{"id":267,"href":"https:\/\/instytutpsyche.pl\/terapia-i-leczenie-uzaleznien-tczew\/wp-json\/wp\/v2\/pages\/181\/revisions\/267"}],"wp:attachment":[{"href":"https:\/\/instytutpsyche.pl\/terapia-i-leczenie-uzaleznien-tczew\/wp-json\/wp\/v2\/media?parent=181"}],"curies":[{"name":"wp","href":"https:\/\/api.w.org\/{rel}","templated":true}]}}